hat is the ten thousands digit of 1810234?
1
What is the millions digit of 2499726?
2
What is the ten thousands digit of 10514?
1
What is the ten thousands digit of 4854974?
5
What is the thousands digit of 219267?
9
What is the ten thousands digit of 4323368?
2
What is the ten thousands digit of 204029?
0
What is the millions digit of 3100035?
3
What is the tens digit of 113426?
2
What is the hundreds digit of 1271468?
4
What is the millions digit of 1523189?
1
What is the units digit of 6183441?
1
What is the hundred thousands digit of 1153671?
1
What is the units digit of 105220?
0
What is the hundreds digit of 1599201?
2
What is the ten thousands digit of 1576957?
7
What is the thousands digit of 193158?
3
What is the thousands digit of 534274?
4
What is the thousands digit of 632575?
2
What is the thousands digit of 1306410?
6
What is the thousands digit of 148541?
8
What is the ten thousands digit of 6836361?
3
What is the thousands digit of 11548344?
8
What is the hundreds digit of 101787?
7
What is the millions digit of 1040842?
1
What is the ten thousands digit of 915988?
1
What is the tens digit of 5595196?
9
What is the thousands digit of 331939?
1
What is the hundreds digit of 618091?
0
What is the ten thousands digit of 26169121?
6
What is the hundreds digit of 1441852?
8
What is the hundreds digit of 431017?
0
What is the hundreds digit of 8619577?
5
What is the thousands digit of 2023?
2
What is the hundreds digit of 5403046?
0
What is the hundreds digit of 1497376?
3
What is the hundreds digit of 323334?
3
What is the tens digit of 2566793?
9
What is the thousands digit of 8461281?
1
What is the thousands digit of 2736634?
6
What is the thousands digit of 5782619?
2
What is the thousands digit of 9665095?
5
What is the ten thousands digit of 11006885?
0
What is the ten thousands digit of 115609?
1
What is the thousands digit of 798941?
8
What is the ten thousands digit of 680190?
8
What is the hundreds digit of 1321395?
3
What is the hundred thousands digit of 459144?
4
What is the millions digit of 1712021?
1
What is the tens digit of 196653?
5
What is the millions digit of 2659370?
2
What is the thousands digit of 20573886?
3
What is the hundred thousands digit of 1923101?
9
What is the units digit of 38930?
0
What is the millions digit of 29417353?
9
What is the units digit of 639279?
9
What is the hundred thousands digit of 4928076?
9
What is the hundreds digit of 37138?
1
What is the ten thousands digit of 420543?
2
What is the millions digit of 6673753?
6
What is the thousands digit of 8517367?
7
What is the ten thousands digit of 8304834?
0
What is the hundreds digit of 8347993?
9
What is the tens digit of 1286329?
2
What is the units digit of 3683021?
1
What is the thousands digit of 31127?
1
What is the hundreds digit of 48361?
3
What is the units digit of 16779115?
5
What is the ten thousands digit of 501542?
0
What is the ten thousands digit of 2474473?
7
What is the tens digit of 44673?
7
What is the ten thousands digit of 415644?
1
What is the hundreds digit of 1520920?
9
What is the hundred thousands digit of 628145?
6
What is the hundreds digit of 3326476?
4
What is the tens digit of 6622476?
7
What is the units digit of 821741?
1
What is the hundred thousands digit of 585394?
5
What is the millions digit of 11173818?
1
What is the hundreds digit of 33483697?
6
What is the hundred thousands digit of 7676748?
6
What is the hundreds digit of 2709627?
6
What is the hundreds digit of 2662622?
6
What is the ten thousands digit of 1624087?
2
What is the ten thousands digit of 8415920?
1
What is the tens digit of 685812?
1
What is the ten thousands digit of 26447751?
4
What is the units digit of 147719?
9
What is the tens digit of 36073290?
9
What is the hundred thousands digit of 7463721?
4
What is the hundreds digit of 10208527?
5
What is the thousands digit of 43261?
3
What is the ten thousands digit of 22879730?
7
What is the millions digit of 22087065?
2
What is the thousands digit of 422228?
2
What is the ten thousands digit of 197083?
9
What is the units digit of 140129?
9
What is the hundreds digit of 131987?
9
What is the millions digit of 10104911?
0
What is the thousands digit of 130718?
0
What is the hundred thousands digit of 12019332?
0
What is the units digit of 133367?
7
What is the hundreds digit of 4551979?
9
What is the units digit of 887483?
3
What is the units digit of 411076?
6
What is the hundreds digit of 1321630?
6
What is the millions digit of 2117177?
2
What is the tens digit of 184359?
5
What is the units digit of 1986224?
4
What is the tens digit of 16599440?
4
What is the ten thousands digit of 49706?
4
What is the thousands digit of 268363?
8
What is the ten thousands digit of 6122908?
2
What is the units digit of 2120231?
1
What is the units digit of 3190588?
8
What is the tens digit of 34459336?
3
What is the thousands digit of 285142?
5
What is the units digit of 385019?
9
What is the tens digit of 127815?
1
What is the units digit of 2771240?
0
What is the hundred thousands digit of 185751?
1
What is the tens digit of 10176124?
2
What is the ten thousands digit of 5510581?
1
What is the hundred thousands digit of 844515?
8
What is the thousands digit of 17559064?
9
What is the thousands digit of 4854513?
4
What is the hundreds digit of 755364?
3
What is the ten millions digit of 10015471?
1
What is the millions digit of 5846882?
5
What is the hundred thousands digit of 969138?
9
What is the hundred thousands digit of 185212?
1
What is the ten millions digit of 13018261?
1
What is the thousands digit of 140249?
0
What is the hundreds digit of 11348883?
8
What is the hundred thousands digit of 395975?
3
What is the units digit of 127653?
3
What is the units digit of 180108?
8
What is the hundred thousands digit of 11453013?
4
What is the units digit of 973594?
4
What is the millions digit of 3068000?
3
What is the tens digit of 46133?
3
What is the millions digit of 4316362?
4
What is the tens digit of 16584835?
3
What is the millions digit of 1878780?
1
What is the hundreds digit of 3577109?
1
What is the ten thousands digit of 1124620?
2
What is the hundreds digit of 387492?
4
What is the thousands digit of 799279?
9
What is the hundreds digit of 2540517?
5
What is the hundreds digit of 4008797?
7
What is the units digit of 10894229?
9
What is the thousands digit of 585854?
5
What is the thousands digit of 3375031?
5
What is the units digit of 8985434?
4
What is the units digit of 123718?
8
What is the hundreds digit of 872222?
2
What is the hundreds digit of 322872?
8
What is the tens digit of 63576?
7
What is the hundreds digit of 415470?
4
What is the hundreds digit of 4716?
7
What is the hundred thousands digit of 27541073?
5
What is the hundreds digit of 791743?
7
What is the hundreds digit of 974917?
9
What is the ten thousands digit of 352854?
5
What is the tens digit of 15018887?
8
What is the ten thousands digit of 3508131?
0
What is the ten thousands digit of 150685?
5
What is the millions digit of 19013381?
9
What is the hundred thousands digit of 1077686?
0
What is the hundred thousands digit of 264739?
2
What is the units digit of 5295810?
0
What is the hundreds digit of 7457093?
0
What is the thousands digit of 1730090?
0
What is the hundreds digit of 1727546?
5
What is the hundreds digit of 5023871?
8
What is the units digit of 5916917?
7
What is the thousands digit of 11808480?
8
What is the hundreds digit of 95091?
0
What is the thousands digit of 5157501?
7
What is the hundreds digit of 6857455?
4
What is the units digit of 557805?
5
What is the hundred thousands digit of 173334?
1
What is the hundreds digit of 1195113?
1
What is the units digit of 1150791?
1
What is the hundred thousands digit of 155045?
1
What is the thousands digit of 823997?
3
What is the tens digit of 2266305?
0
What is the hundred thousands digit of 1053285?
0
What is the units digit of 399060?
0
What is the hundred thousands digit of 11799008?
7
What is the thousands digit of 3073130?
3
What is the hundred thousands digit of 555108?
5
What is the tens digit of 199298?
9
What is the tens digit of 342207?
0
What is the ten thousands digit of 584604?
8
What is the units digit of 115490?
0
Wha